b) = -11*b - 25. Let r(q) = 23*q + 30 - 10 + 29. Let h(a) = 9*o(a) + 4*r(a). Calculate the remainder when 114 is divided by h(-6).
10
What is the remainder when (1*5 + 2 + -13)*(-13902)/28 is divided by 594?
9
Suppose -3*j - 1376 = -5*j - 4*b, 5*j - b = 3385. Let u = j + -624. Calculate the remainder when 215 is divided by u.
53
Let z = -55 - -77. Calculate the remainder when 30*(-4 - (-57)/6) is divided by z.
11
Suppose 2*y = 3*m - 381, 36*m - 31*m = 3*y + 635. Let b = -25 + 57. Calculate the remainder when m is divided by b.
31
Suppose 1 = t - 2*s - 38, 168 = 4*t + 4*s. Let q = 47 - t. Calculate the remainder when 3/9 + 10/q - -57 is divided by 16.
11
Let b = 16 - 1. Suppose -2*o + 471 - 297 = 0. Suppose -z - o = -2*l, -4*l - z + 207 = l. Calculate the remainder when l is divided by b.
12
What is the remainder when 2020 is divided by ((-4)/(-7))/((-128)/(-12992))?
48
Let u = 418 + -473. Let l be (-3)/6*(-260)/(-2). Let g = u - l. Calculate the remainder when 68 is divided by g.
8
Let a be 24*((-2)/(-1) - (8 + -7)). Suppose 0 = 31*q - 35*q + a. Let z(g) = 2*g**2 - 6*g + 14. What is the remainder when 197 is divided by z(q)?
47
Let d(u) = 2*u**2 + 6*u - 59. Let z be d(-12). Let i = 280 - z. Calculate the remainder when i is divided by 18.
15
Suppose -5*m = -10*p + 450, -33*p + m = -28*p - 231. What is the remainder when 3288 is divided by p?
45
Let o = 5252 + -4649. Calculate the remainder when o is divided by 599.
4
Let i be -7 - (-9 - -9)/1. Suppose -5*r = -16 - 119. Let u = r + i. What is the remainder when 77 is divided by u?
17
Let w(b) = 80*b**2 + 1470*b + 2934. Calculate the remainder when 19153 is divided by w(-2).
313
Let a(r) = -r**3 + 13*r**2 + 24*r + 46. Let l be a(14). Suppose -12*x + 114 + l = 0. Calculate the remainder when x is divided by 15.
10
Suppose 28 = 485*g - 481*g. What is the remainder when -28*((-23)/g + 39/(-39)) is divided by 31?
27
Let b(n) = -474*n - 8255. Let u = 100 + -30. Calculate the remainder when b(-18) is divided by u.
67
Suppose -3759 + 69272 = 7*j. Calculate the remainder when j is divided by 26.
25
Let o(k) = -k**3 + 20*k**2 - 50*k + 88. Let l be o(17). Let m = 314 + -215. Let n = l - m. What is the remainder when n is divided by 3?
0
Suppose -218 = -q - k, -3*q - 65 = 5*k - 729. Calculate the remainder when q is divided by 28.
17
Let o be (759/44)/(1/4). Suppose -5*k + 3*p + 285 = 0, -2*k + 3*k - 3*p = o. What is the remainder when k is divided by -1 + (29 - (1 - 1))?
26
Suppose 4*n = -8, -183 = -4*m - n + 191. Let s(z) = z**3 + 9*z**2 - 43*z - 196. What is the remainder when m is divided by s(-11)?
24
Let s(b) = b**3 - 5*b**2 - 2*b - 6. Let o be s(5). Let p(y) = 2*y**2 + 24*y + 25. What is the remainder when p(o) is divided by 12?
9
Let y(t) = 7*t**3 + 2*t**2 - 5*t + 4. Let h be y(-3). Let z = h + 182. Calculate the remainder when 114 is divided by z.
24
Let n = 42 - 39. Suppose 4*k = 3*u + 17, -6*u + 5*u + 11 = 2*k. Suppose f + f = 5*a - 113, k*a + n*f = 118. Calculate the remainder when 89 is divided by a.
20
Suppose 5*n - 9*j - 156 = -142, 5*n = -j + 154. Suppose 4*t = 367 - 151. Calculate the remainder when t is divided by n.
26
Let y(k) = -k**3 + 9*k**2 + 9*k + 5. Suppose -2*h - 2*s + 0*s = -44, 0 = -h + 2*s + 28. What is the remainder when y(9) is divided by h?
14
Let g(o) = 3*o**3 - 3*o**2 + 2*o - 3. Let j be g(3). Suppose 2*p = 25 + j. What is the remainder when p is divided by (-113)/(-9) + 35/(-63)?
5
Suppose 239 = -8*w - 81. Let t = -1 - 1. Let y = t - w. What is the remainder when 113 is divided by y?
37
Suppose 28*t - 3355 = -58*t + 25*t. Calculate the remainder when 32502 is divided by t.
52
Suppose -22*w - 2132 = -78*w + 2348. What is the remainder when 1516 is divided by w?
76
Let w = 907 - 827. Suppose -w*r + 78*r = -26. Calculate the remainder when 47 is divided by r.
8
Suppose -5*w - 928 + 338 = 0. Let r = 219 + w. Calculate the remainder when r is divided by 18.
11
Let y(u) = 207*u**2 - 2*u + 2. Let r be (4/6)/(12/18). Suppose 19*h - 13*h - 128 - 52 = 0. Calculate the remainder when y(r) is divided by h.
27
Suppose 76*x - 959 = 12*x - 127. Let u = 18 + -7. What is the remainder when x is divided by u?
2
Let w = -81 + 320. Let g(q) = -q**3 - q**2 + 14*q + 30. Calculate the remainder when w is divided by g(-4).
19
What is the remainder when (-11 + (-170)/(-15))*1578 is divided by 8?
6
Let g(t) = 4*t + 6. Let w be g(-12). Let u = -146 + 44. Calculate the remainder when 65 is divided by w/(-63)*u/(-4).
14
Suppose -1781 + 952 = -49*z + 1180. What is the remainder when 264 is divided by z?
18
Let z(c) = -26 - 23 + 44 - 25*c + c**3 + 10*c**2. Suppose -l = n - 14, -6*n + 5*l + 56 = -4*n. What is the remainder when n is divided by z(-12)?
4
Let p(h) = -h**3 + 18*h**2 - 55*h - 11. Let x(i) = i**2 + 5*i - 10. Calculate the remainder when p(13) is divided by x(5).
39
Suppose -102 = 2*h - 196. Suppose 0 = 3*a + 2*n + 4, -a - 2*n - 4 - 4 = 0. Suppose a*y = 6 + 42. Calculate the remainder when h is divided by y.
23
Let a(q) = q**3 + 6*q**2 + 147. What is the remainder when 127 is divided by a(-7)?
29
Let h be (-4)/(-3)*2/(12/9). Suppose 0 = 5*q, -y - h*q - 3*q = 0. Suppose -5*z + 123 + 22 = y. What is the remainder when z is divided by 17?
12
Suppose 3*x - 12 = 3, -2*c = -5*x - 721. Suppose -6*j + c = -1049. Calculate the remainder when j is divided by 11.
6
Let o(l) = -l**3 + 10*l**2 + 6*l - 119. Suppose -2*z + 5*u + 1631 = 0, -3*u + 808 = z + 2*u. Calculate the remainder when z is divided by o(9).
13
Suppose 25*y - 2*y - 644 = 0. What is the remainder when 80 is divided by -1 - (0 + -22) - y/(-28)?
14
What is the remainder when -2*7/(-2) + (-19108)/(-24 + 7) is divided by 4?
3
Let l(q) = -19*q - 69. Let d be l(13). Let p = d + 430. What is the remainder when p is divided by 11 + 25 - 3/(-1)?
36
Suppose 19602 = 13*f + 5*x, 2*f - 4*f - 5*x = -3003. Calculate the remainder when f is divided by 10.
9
Suppose 0 = -2146*n + 2166*n - 40640. What is the remainder when n is divided by 19?
18
Let f(x) = 2*x**2 + 29*x + 10. Let z be f(-14). Let c(q) = q**3 + 4*q**2 - 2*q + 3. What is the remainder when c(z) is divided by 4?
3
Let o(x) = -621*x - 4518. Calculate the remainder when o(-8) is divided by 211.
28
Let d(t) = 2*t**3 - 23*t**2 - 12*t + 1. Let l be d(12). What is the remainder when 153 is divided by l/((-2)/(-54)*-161 + 6)?
18
Suppose 2*z + 3*d = -323, -4*d + 6 = -6. Let m = -134 - z. What is the remainder when 90 is divided by m?
26
Let i = -2141 - -2183. What is the remainder when 42 is divided by i?
0
Let r = -386 - -389. Suppose -r*x - 84 = -207. Let h = -31 + 52. What is the remainder when x is divided by h?
20
Let l = -1151592 - -1151603. Let p(s) = s**2 - s**3 + s - 4 - 3*s**2 - 2. Calculate the remainder when p(-5) is divided by l.
9
Let b = 0 + 43. Let q(u) = u**3 + 10*u**2 - 4*u - 4. Let v be q(-6). What is the remainder when -1 + 5 + 2 + v + 0 is divided by b?
41
Let s(c) = c**2 - 15*c + 50. Let q be s(5). Let o(v) = 53*v + 38. Calculate the remainder when 263 is divided by o(q).
35
Let z = -3568 + 4438. Calculate the remainder when 895 is divided by z.
25
Let t(i) = i**2 - 4*i + 37. Suppose -2*w = -4*d + 82, -w + 44 = 2*d - 3*w. Let m = d - 13. What is the remainder when 195 is divided by t(m)?
48
Let g(c) = -5*c + 22. Let o = -104 + 104. What is the remainder when 102 is divided by g(o)?
14
Let a(h) = -13*h - 8. Let g(z) = -6*z - 4. Let d(o) = 2*a(o) - 5*g(o). Let t = -100 + 193. Calculate the remainder when t is divided by d(5).
21
Let p = 26 + -23. Let o(z) = z**2 - 2*z - 2. Suppose 2*j + 4 = -7*n + 5*n, 2*n - 2*j = 16. What is the remainder when n is divided by o(p)?
0
Let o(i) be the third derivative of 7*i**5/60 + i**4/4 + 3*i**3/2 - 25*i**2. Let p be o(-6). Let f = p + -133. Calculate the remainder when f is divided by 19.
16
Suppose -5*y = 3*i - 13, -3*i = 2*i - 4*y - 71. Suppose 9*b + 66 = i*b. Let f = -917 - -933. What is the remainder when b is divided by f?
1
Let u(q) = -q. Let n be u(-3). Suppose n*h - 35 = 2*l, -h + 9 = 4*l - 6*l. What is the remainder when h is divided by (-2)/30 + 108148/21345?
3
Let o(z) = z**2 - 28*z - 61. What is the remainder when o(-9) is divided by 270?
2
Suppose 5*i = -2*f + i + 800, -4*f + 1660 = -4*i. Calculate the remainder when 414 is div